{"id":1099,"date":"2019-12-03T11:46:10","date_gmt":"2019-12-03T09:46:10","guid":{"rendered":"http:\/\/www.herbigpliezhausen.de\/?page_id=1099"},"modified":"2024-03-24T20:18:49","modified_gmt":"2024-03-24T18:18:49","slug":"ausstattung","status":"publish","type":"page","link":"https:\/\/www.herbigpliezhausen.de\/","title":{"rendered":"Ausstattung"},"content":{"rendered":"\n<h4 class=\"wp-block-heading\">Terrasse<\/h4>\n\n\n\n<figure class=\"wp-block-image\"><img decoding=\"async\" src=\"http:\/\/www.herbigpliezhausen.de\/wp-content\/uploads\/2011\/01\/Terasse-610x320-150x150.jpg\" alt=\"\"\/><\/figure>\n\n\n\n<p>Gem\u00fctlich auf der Sonnen-Terrasse  (nach S\u00fcden) eine Tasse Ostfriesentee genie\u00dfen. Im Gartenh\u00e4uschen  finden Sie einen Sonnenschirm, Liegen, aber auch einen Elektrogrill.  Rundum ist alles eingez\u00e4unt und Ihre Kinder oder eventuell&nbsp;Ihr Hund  k\u00f6nnen sich also frei im Garten bewegen (Gartent\u00fcrchen zur Stra\u00dfe nach  vorn und zum Parkplatz nach hinten).<\/p>\n\n\n\n<h4 class=\"wp-block-heading\">Badezimmer<\/h4>\n\n\n\n<p>Dusche  mit einem&nbsp; flachem Einstieg, Toilette, Waschbecken, Waschmaschine und  ein separater Trockner, praktische Handtuchheizung, F\u00f6n, Fu\u00dfbodenheizung<img loading=\"lazy\" decoding=\"async\" width=\"150\" height=\"79\" class=\"wp-image-358\" style=\"width: 150px;\" src=\"http:\/\/www.herbigpliezhausen.de\/wp-content\/uploads\/2011\/01\/Flur-Eingang-Bad_6-610x320.jpg\" alt=\"\" srcset=\"https:\/\/www.herbigpliezhausen.de\/wp-content\/uploads\/2011\/01\/Flur-Eingang-Bad_6-610x320.jpg 610w, https:\/\/www.herbigpliezhausen.de\/wp-content\/uploads\/2011\/01\/Flur-Eingang-Bad_6-610x320-300x157.jpg 300w\" sizes=\"auto, (max-width: 150px) 100vw, 150px\" \/><\/p>\n\n\n\n<h4 class=\"wp-block-heading\">Schlafzimmer 1<\/h4>\n\n\n\n<figure class=\"wp-block-image size-large\"><img loading=\"lazy\" decoding=\"async\" width=\"610\" height=\"320\" src=\"http:\/\/www.herbigpliezhausen.de\/wp-content\/uploads\/2011\/01\/grosses-Zimmer-4-610x320.jpg\" alt=\"\" class=\"wp-image-364\" srcset=\"https:\/\/www.herbigpliezhausen.de\/wp-content\/uploads\/2011\/01\/grosses-Zimmer-4-610x320.jpg 610w, https:\/\/www.herbigpliezhausen.de\/wp-content\/uploads\/2011\/01\/grosses-Zimmer-4-610x320-300x157.jpg 300w\" sizes=\"auto, (max-width: 610px) 100vw, 610px\" \/><\/figure>\n\n\n\n<p>Ein gr\u00f6\u00dferes Schlafzimmer mit Doppelbett und zwei Kleiderschr\u00e4nken; Wandheizk\u00f6rper<\/p>\n\n\n\n<h4 class=\"wp-block-heading\">Schlafzimmer 2<\/h4>\n\n\n\n<p>Ein kleinerer Schla<img loading=\"lazy\" decoding=\"async\" width=\"150\" height=\"79\" class=\"wp-image-362\" style=\"width: 150px;\" src=\"http:\/\/www.herbigpliezhausen.de\/wp-content\/uploads\/2011\/01\/grosses-Zimmer-2-610x320.jpg\" alt=\"\" srcset=\"https:\/\/www.herbigpliezhausen.de\/wp-content\/uploads\/2011\/01\/grosses-Zimmer-2-610x320.jpg 610w, https:\/\/www.herbigpliezhausen.de\/wp-content\/uploads\/2011\/01\/grosses-Zimmer-2-610x320-300x157.jpg 300w\" sizes=\"auto, (max-width: 150px) 100vw, 150px\" \/>fraum mit zwei komfortablen Einzelbetten und Schrank; Wandheizk\u00f6rper<\/p>\n\n\n\n<h4 class=\"wp-block-heading\">Au\u00dfenansicht<\/h4>\n\n\n\n<p>Eigener  Park<img loading=\"lazy\" decoding=\"async\" width=\"150\" height=\"79\" class=\"wp-image-368\" style=\"width: 150px;\" src=\"http:\/\/www.herbigpliezhausen.de\/wp-content\/uploads\/2011\/01\/Haus-bei-Sonnenschein-610x320.jpg\" alt=\"\" srcset=\"https:\/\/www.herbigpliezhausen.de\/wp-content\/uploads\/2011\/01\/Haus-bei-Sonnenschein-610x320.jpg 610w, https:\/\/www.herbigpliezhausen.de\/wp-content\/uploads\/2011\/01\/Haus-bei-Sonnenschein-610x320-300x157.jpg 300w\" sizes=\"auto, (max-width: 150px) 100vw, 150px\" \/>platz direkt am Hauseingang\u00a0 im Innenbereich der Ferienanlage.  Zufahrt von der Kolkstra\u00dfe, einer ruhigen Seitenstra\u00dfe der Norddeicher  Stra\u00dfe, die direkt zum Deich f\u00fchrt. Nachcetwa 150m sind Sie am Deich und haben einen wundersch\u00f6nen Panoramablick auf den Strand, die  Hafenanlagen und das Meer mit den vorgelagerten Inseln Juist und  Norderney.<\/p>\n\n\n\n<h4 class=\"wp-block-heading\">Wohnbereich<\/h4>\n\n\n\n<p>Unsere kompl<img loading=\"lazy\" decoding=\"async\" width=\"150\" height=\"79\" class=\"wp-image-401\" style=\"width: 150px;\" src=\"http:\/\/www.herbigpliezhausen.de\/wp-content\/uploads\/2011\/01\/Kueche-610x320.jpg\" alt=\"\" srcset=\"https:\/\/www.herbigpliezhausen.de\/wp-content\/uploads\/2011\/01\/Kueche-610x320.jpg 610w, https:\/\/www.herbigpliezhausen.de\/wp-content\/uploads\/2011\/01\/Kueche-610x320-300x157.jpg 300w\" sizes=\"auto, (max-width: 150px) 100vw, 150px\" \/>ett eingerichtete moderne Ferienwohnung bietet Ihnen alles, um den Urlaub voll genie\u00dfen zu k\u00f6nnen.\u00a0Der gro\u00dfe Wohnraum mit angrenzendem Essbereich und Multifunktionsk\u00fcche wird Ihnen gefallen. Radio mit USB \u2013 Anschluss.<\/p>\n\n\n\n<p>Wohnecke mit Couch, Clubsesseln,  &nbsp;TV-Flachbildschirmger\u00e4t mit SAT-Receiver, Stereoanlage mit  MP3-Anschluss, DVD-Spieler \u2013 alles liebevoll f\u00fcr Sie zusammengestellt.<\/p>\n\n\n\n<h4 class=\"wp-block-heading\">K\u00fcchenbereich<\/h4>\n\n\n\n<p>Unsere K\u00fcche ist komplett und hochwertig ausgestattet: Geschirrsp\u00fclmaschine,  Mikrowelle, Elektroherd (Ceranfeld) mit Backofen und Grill, K\u00fchlschrank  mit 3-Sterne Gefrierschrank, Kaffeemaschine, Toaster, Eierkocher,  Wasserkocher, Raclette, etc.; sch\u00f6ne Essecke mit ausziehbarem rundem  Tisch, beheizter Fu\u00dfboden<\/p>\n\n\n\n<div style=\"height:100px\" aria-hidden=\"true\" class=\"wp-block-spacer\"><\/div>\n\n\n\n<h4 class=\"wp-block-heading has-large-font-size\">Fotogalerie Ausstattung<\/h4>\n\n\n\n<figure class=\"wp-block-gallery has-nested-images columns-4 is-cropped wp-block-gallery-1 is-layout-flex wp-block-gallery-is-layout-flex\">\n<figure class=\"wp-block-image size-large\"><a href=\"https:\/\/www.herbigpliezhausen.de\/wp-content\/uploads\/2011\/01\/Wohnraum-610x320.jpg\"><img loading=\"lazy\" decoding=\"async\" width=\"610\" height=\"320\" data-id=\"448\" src=\"https:\/\/www.herbigpliezhausen.de\/wp-content\/uploads\/2011\/01\/Wohnraum-610x320.jpg\" alt=\"\" class=\"wp-image-448\" srcset=\"https:\/\/www.herbigpliezhausen.de\/wp-content\/uploads\/2011\/01\/Wohnraum-610x320.jpg 610w, https:\/\/www.herbigpliezhausen.de\/wp-content\/uploads\/2011\/01\/Wohnraum-610x320-300x157.jpg 300w\" sizes=\"auto, (max-width: 610px) 100vw, 610px\" \/><\/a><\/figure>\n\n\n\n<figure class=\"wp-block-image size-large\"><a href=\"https:\/\/www.herbigpliezhausen.de\/wp-content\/uploads\/2011\/01\/Wohnraum-2-610x320.jpg\"><img loading=\"lazy\" decoding=\"async\" width=\"610\" height=\"320\" data-id=\"447\" src=\"https:\/\/www.herbigpliezhausen.de\/wp-content\/uploads\/2011\/01\/Wohnraum-2-610x320.jpg\" alt=\"\" class=\"wp-image-447\" srcset=\"https:\/\/www.herbigpliezhausen.de\/wp-content\/uploads\/2011\/01\/Wohnraum-2-610x320.jpg 610w, https:\/\/www.herbigpliezhausen.de\/wp-content\/uploads\/2011\/01\/Wohnraum-2-610x320-300x157.jpg 300w\" sizes=\"auto, (max-width: 610px) 100vw, 610px\" \/><\/a><\/figure>\n\n\n\n<figure class=\"wp-block-image size-large\"><a href=\"https:\/\/www.herbigpliezhausen.de\/wp-content\/uploads\/2011\/01\/Wohnbereich-610x320.jpg\"><img loading=\"lazy\" decoding=\"async\" width=\"610\" height=\"320\" data-id=\"446\" src=\"https:\/\/www.herbigpliezhausen.de\/wp-content\/uploads\/2011\/01\/Wohnbereich-610x320.jpg\" alt=\"\" class=\"wp-image-446\" srcset=\"https:\/\/www.herbigpliezhausen.de\/wp-content\/uploads\/2011\/01\/Wohnbereich-610x320.jpg 610w, https:\/\/www.herbigpliezhausen.de\/wp-content\/uploads\/2011\/01\/Wohnbereich-610x320-300x157.jpg 300w\" sizes=\"auto, (max-width: 610px) 100vw, 610px\" \/><\/a><\/figure>\n\n\n\n<figure class=\"wp-block-image size-large\"><a href=\"https:\/\/www.herbigpliezhausen.de\/wp-content\/uploads\/2011\/01\/grosses-Zimmer-610x320.jpg\"><img loading=\"lazy\" decoding=\"async\" width=\"610\" height=\"320\" data-id=\"365\" src=\"https:\/\/www.herbigpliezhausen.de\/wp-content\/uploads\/2011\/01\/grosses-Zimmer-610x320.jpg\" alt=\"\" class=\"wp-image-365\" srcset=\"https:\/\/www.herbigpliezhausen.de\/wp-content\/uploads\/2011\/01\/grosses-Zimmer-610x320.jpg 610w, https:\/\/www.herbigpliezhausen.de\/wp-content\/uploads\/2011\/01\/grosses-Zimmer-610x320-300x157.jpg 300w\" sizes=\"auto, (max-width: 610px) 100vw, 610px\" \/><\/a><\/figure>\n\n\n\n<figure class=\"wp-block-image size-large\"><a href=\"https:\/\/www.herbigpliezhausen.de\/wp-content\/uploads\/2011\/01\/grosses-Zimmer-4-610x320.jpg\"><img loading=\"lazy\" decoding=\"async\" width=\"610\" height=\"320\" data-id=\"364\" src=\"https:\/\/www.herbigpliezhausen.de\/wp-content\/uploads\/2011\/01\/grosses-Zimmer-4-610x320.jpg\" alt=\"\" class=\"wp-image-364\" srcset=\"https:\/\/www.herbigpliezhausen.de\/wp-content\/uploads\/2011\/01\/grosses-Zimmer-4-610x320.jpg 610w, https:\/\/www.herbigpliezhausen.de\/wp-content\/uploads\/2011\/01\/grosses-Zimmer-4-610x320-300x157.jpg 300w\" sizes=\"auto, (max-width: 610px) 100vw, 610px\" \/><\/a><\/figure>\n\n\n\n<figure class=\"wp-block-image size-large\"><a href=\"https:\/\/www.herbigpliezhausen.de\/wp-content\/uploads\/2011\/01\/grosses-Zimmer-2-610x320.jpg\"><img loading=\"lazy\" decoding=\"async\" width=\"610\" height=\"320\" data-id=\"362\" src=\"https:\/\/www.herbigpliezhausen.de\/wp-content\/uploads\/2011\/01\/grosses-Zimmer-2-610x320.jpg\" alt=\"\" class=\"wp-image-362\" srcset=\"https:\/\/www.herbigpliezhausen.de\/wp-content\/uploads\/2011\/01\/grosses-Zimmer-2-610x320.jpg 610w, https:\/\/www.herbigpliezhausen.de\/wp-content\/uploads\/2011\/01\/grosses-Zimmer-2-610x320-300x157.jpg 300w\" sizes=\"auto, (max-width: 610px) 100vw, 610px\" \/><\/a><\/figure>\n\n\n\n<figure class=\"wp-block-image size-large\"><a href=\"https:\/\/www.herbigpliezhausen.de\/wp-content\/uploads\/2011\/01\/Flur-Eingang-Bad_6-610x320.jpg\"><img loading=\"lazy\" decoding=\"async\" width=\"610\" height=\"320\" data-id=\"358\" src=\"https:\/\/www.herbigpliezhausen.de\/wp-content\/uploads\/2011\/01\/Flur-Eingang-Bad_6-610x320.jpg\" alt=\"\" class=\"wp-image-358\" srcset=\"https:\/\/www.herbigpliezhausen.de\/wp-content\/uploads\/2011\/01\/Flur-Eingang-Bad_6-610x320.jpg 610w, https:\/\/www.herbigpliezhausen.de\/wp-content\/uploads\/2011\/01\/Flur-Eingang-Bad_6-610x320-300x157.jpg 300w\" sizes=\"auto, (max-width: 610px) 100vw, 610px\" \/><\/a><\/figure>\n\n\n\n<figure class=\"wp-block-image size-large\"><a href=\"https:\/\/www.herbigpliezhausen.de\/wp-content\/uploads\/2011\/01\/Esstisch-610x320.jpg\"><img loading=\"lazy\" decoding=\"async\" width=\"610\" height=\"320\" data-id=\"356\" src=\"https:\/\/www.herbigpliezhausen.de\/wp-content\/uploads\/2011\/01\/Esstisch-610x320.jpg\" alt=\"\" class=\"wp-image-356\" srcset=\"https:\/\/www.herbigpliezhausen.de\/wp-content\/uploads\/2011\/01\/Esstisch-610x320.jpg 610w, https:\/\/www.herbigpliezhausen.de\/wp-content\/uploads\/2011\/01\/Esstisch-610x320-300x157.jpg 300w\" sizes=\"auto, (max-width: 610px) 100vw, 610px\" \/><\/a><\/figure>\n\n\n\n<figure class=\"wp-block-image size-large\"><a href=\"https:\/\/www.herbigpliezhausen.de\/wp-content\/uploads\/2010\/07\/terrasse-610.jpg\"><img loading=\"lazy\" decoding=\"async\" width=\"610\" height=\"320\" data-id=\"107\" src=\"https:\/\/www.herbigpliezhausen.de\/wp-content\/uploads\/2010\/07\/terrasse-610.jpg\" alt=\"\" class=\"wp-image-107\" srcset=\"https:\/\/www.herbigpliezhausen.de\/wp-content\/uploads\/2010\/07\/terrasse-610.jpg 610w, https:\/\/www.herbigpliezhausen.de\/wp-content\/uploads\/2010\/07\/terrasse-610-300x157.jpg 300w\" sizes=\"auto, (max-width: 610px) 100vw, 610px\" \/><\/a><\/figure>\n\n\n\n<figure class=\"wp-block-image size-large\"><a href=\"https:\/\/www.herbigpliezhausen.de\/wp-content\/uploads\/2011\/01\/Kueche-610x320.jpg\"><img loading=\"lazy\" decoding=\"async\" width=\"610\" height=\"320\" data-id=\"401\" src=\"https:\/\/www.herbigpliezhausen.de\/wp-content\/uploads\/2011\/01\/Kueche-610x320.jpg\" alt=\"\" class=\"wp-image-401\" srcset=\"https:\/\/www.herbigpliezhausen.de\/wp-content\/uploads\/2011\/01\/Kueche-610x320.jpg 610w, https:\/\/www.herbigpliezhausen.de\/wp-content\/uploads\/2011\/01\/Kueche-610x320-300x157.jpg 300w\" sizes=\"auto, (max-width: 610px) 100vw, 610px\" \/><\/a><\/figure>\n\n\n\n<figure class=\"wp-block-image size-large\"><a href=\"https:\/\/www.herbigpliezhausen.de\/wp-content\/uploads\/2011\/01\/K\u00fcccheEsstisch-610x320.jpg\"><img loading=\"lazy\" decoding=\"async\" width=\"610\" height=\"320\" data-id=\"400\" src=\"https:\/\/www.herbigpliezhausen.de\/wp-content\/uploads\/2011\/01\/K\u00fcccheEsstisch-610x320.jpg\" alt=\"\" class=\"wp-image-400\" srcset=\"https:\/\/www.herbigpliezhausen.de\/wp-content\/uploads\/2011\/01\/K\u00fcccheEsstisch-610x320.jpg 610w, https:\/\/www.herbigpliezhausen.de\/wp-content\/uploads\/2011\/01\/K\u00fcccheEsstisch-610x320-300x157.jpg 300w\" sizes=\"auto, (max-width: 610px) 100vw, 610px\" \/><\/a><\/figure>\n\n\n\n<figure class=\"wp-block-image size-large\"><a href=\"https:\/\/www.herbigpliezhausen.de\/wp-content\/uploads\/2011\/01\/Badezimmer610x320.jpg\"><img loading=\"lazy\" decoding=\"async\" width=\"610\" height=\"320\" data-id=\"485\" src=\"https:\/\/www.herbigpliezhausen.de\/wp-content\/uploads\/2011\/01\/Badezimmer610x320.jpg\" alt=\"\" class=\"wp-image-485\" srcset=\"https:\/\/www.herbigpliezhausen.de\/wp-content\/uploads\/2011\/01\/Badezimmer610x320.jpg 610w, https:\/\/www.herbigpliezhausen.de\/wp-content\/uploads\/2011\/01\/Badezimmer610x320-300x157.jpg 300w\" sizes=\"auto, (max-width: 610px) 100vw, 610px\" \/><\/a><\/figure>\n<\/figure>\n","protected":false},"excerpt":{"rendered":"<p>Terrasse Gem\u00fctlich auf der Sonnen-Terrasse (nach S\u00fcden) eine Tasse Ostfriesentee genie\u00dfen. Im Gartenh\u00e4uschen finden Sie einen Sonnenschirm, Liegen, aber auch einen Elektrogrill. Rundum ist alles eingez\u00e4unt und Ihre Kinder oder eventuell&nbsp;Ihr Hund k\u00f6nnen sich also frei im Garten bewegen (Gartent\u00fcrchen zur Stra\u00dfe nach vorn und zum Parkplatz nach hinten). Badezimmer Dusche mit einem&nbsp; flachem Einstieg, Toilette, Waschbecken, Waschmaschine und ein &hellip;<\/p>\n","protected":false},"author":1,"featured_media":362,"parent":0,"menu_order":0,"comment_status":"closed","ping_status":"closed","template":"","meta":{"footnotes":""},"class_list":["post-1099","page","type-page","status-publish","has-post-thumbnail","hentry"],"_links":{"self":[{"href":"https:\/\/www.herbigpliezhausen.de\/index.php?rest_route=\/wp\/v2\/pages\/1099","targetHints":{"allow":["GET"]}}],"collection":[{"href":"https:\/\/www.herbigpliezhausen.de\/index.php?rest_route=\/wp\/v2\/pages"}],"about":[{"href":"https:\/\/www.herbigpliezhausen.de\/index.php?rest_route=\/wp\/v2\/types\/page"}],"author":[{"embeddable":true,"href":"https:\/\/www.herbigpliezhausen.de\/index.php?rest_route=\/wp\/v2\/users\/1"}],"replies":[{"embeddable":true,"href":"https:\/\/www.herbigpliezhausen.de\/index.php?rest_route=%2Fwp%2Fv2%2Fcomments&post=1099"}],"version-history":[{"count":15,"href":"https:\/\/www.herbigpliezhausen.de\/index.php?rest_route=\/wp\/v2\/pages\/1099\/revisions"}],"predecessor-version":[{"id":1283,"href":"https:\/\/www.herbigpliezhausen.de\/index.php?rest_route=\/wp\/v2\/pages\/1099\/revisions\/1283"}],"wp:featuredmedia":[{"embeddable":true,"href":"https:\/\/www.herbigpliezhausen.de\/index.php?rest_route=\/wp\/v2\/media\/362"}],"wp:attachment":[{"href":"https:\/\/www.herbigpliezhausen.de\/index.php?rest_route=%2Fwp%2Fv2%2Fmedia&parent=1099"}],"curies":[{"name":"wp","href":"https:\/\/api.w.org\/{rel}","templated":true}]}}